 v be c/(-6)*-22*(2 + -13). Calculate the highest common divisor of 11 and v.
11
Suppose 2*o = -2*t + 554, 2*t - 342 = 5*o + 177. Let q = 2925 - 2909. Calculate the highest common divisor of q and t.
16
Let j(z) = 0*z + z + z**3 + 0*z**3 + 2 - 2*z**2. Let s be j(3). What is the greatest common divisor of 7 and s?
7
Suppose -26*t - 13529 = -17507. Calculate the highest common divisor of 13770 and t.
153
Suppose 1 = 4*o - 7. Suppose -5*z + 12 = o. Suppose 9*y = z*y + 70. What is the greatest common divisor of y and 40?
10
Suppose 18*j - 4020 - 3180 = 0. Let w = -325 + j. Calculate the greatest common factor of 275 and w.
25
Let w be (3997/(-28))/((-21)/420). Calculate the highest common factor of 10 and w.
5
Suppose 26*i + 56*i - 43624 = 0. What is the highest common factor of i and 1652?
28
Suppose -9*h = 157 + 77. Let m = 2 + h. Let t = m + 33. What is the greatest common factor of 1 and t?
1
Suppose 1 - 4 = -3*x + 5*d, 0 = -4*x - 2*d + 4. Let r be ((1 - x) + 62)*2553/222. Calculate the greatest common divisor of r and 31.
31
Let m = -18826 - -19580. Calculate the highest common divisor of 364 and m.
26
Let w(r) = -9*r - 1317. Let f be w(-173). Suppose 4*m - 19 = 29. What is the highest common divisor of f and m?
12
Let m(v) = v**3 - 16*v**2 + 3*v - 13. Let i = -47 + 50. Suppose -i*w - 16 = -4*w. Let c be m(w). What is the highest common divisor of 7 and c?
7
Suppose 24*s - 21*s + 82 = 2*w, 2*w - 5*s - 78 = 0. Calculate the highest common factor of 1408 and w.
44
Suppose 0 = p + 2 + 3. Let m be ((-26)/(-4))/(p/(-70)). Suppose 19 = -2*u + m. Calculate the highest common factor of u and 9.
9
Let j = -3356 - -10613. Calculate the greatest common factor of j and 531.
177
Let r(z) = -15*z + 3*z**2 - z**3 + 0*z**3 + 19*z - 7. Let a be r(3). Suppose q - 2*b = -b + 42, q = -a*b + 30. What is the greatest common factor of q and 8?
8
Suppose -2*y = -4*g - 42, 5*g - 1 + 6 = 0. Suppose -45 = 24*i - y*i. Let t be (48/i)/2*(-15)/4. What is the greatest common divisor of t and 2?
2
Suppose -3*z - 92 = 2*u - 2730, -5*z = 3*u - 4398. Calculate the greatest common factor of 90 and z.
18
Let h(p) = -8*p - 5. Suppose -r - r = -2*v + 10, 7 = -5*r - 4*v. Let k be h(r). Suppose 0 = 4*n - k - 141. What is the greatest common factor of 5 and n?
5
Suppose 3*g + 547*x - 548*x = -42, -66 = 3*g - 5*x. Let h(d) = 43 + 4 + 10 - 8*d. Let a be h(g). What is the greatest common factor of 9 and a?
9
Suppose -2*o - 2*q = -4430, -o + 925 = 3*q - 1280. What is the highest common factor of 3515 and o?
185
Suppose -446*b - 728 = -459*b. Suppose -3*m - 30 = -8*m. Let f = 34 - m. Calculate the greatest common factor of b and f.
28
Let f = 264 + -278. Let n be ((-24)/f)/((-60)/(-4830)). Calculate the highest common divisor of 345 and n.
69
Suppose -6*v + 8*v - 28 = 0. Let g = 3998 - 3974. Calculate the highest common divisor of v and g.
2
Let i(l) = -8*l**2 - 824*l + 5. Let o be i(-23). Calculate the greatest common factor of o and 19.
19
Let y = -57 - -57. Suppose y = -c + 545 + 316. Suppose 5*r + 5*f = 2125, -4*r + 3*f + 867 + c = 0. Calculate the highest common divisor of r and 39.
39
Let l(u) = -u**2 - 23*u + 33. Let h be 24/3*5/(-2) - 4. Let a be l(h). Calculate the greatest common divisor of 2 and a.
1
Let g = -781 - -811. What is the highest common factor of 1380 and g?
30
Let y(h) = 246*h**2 + 419*h + 2561. Let j be y(-6). What is the greatest common factor of 58 and j?
29
Let b = 863 + -623. Let l(z) = 40*z**2 + z + 1. Let k be l(-1). What is the highest common divisor of k and b?
40
Suppose -90*n + 89604 = -27*n + 68*n. What is the greatest common divisor of 133 and n?
19
Let j be ((-123)/82)/(1/(-1166)). Calculate the highest common factor of j and 212.
53
Let x(m) be the second derivative of m**4/12 + 2*m**3/3 - 7*m**2/2 + m. Let f be x(-8). Let j = 16529 + -16519. What is the greatest common factor of j and f?
5
Let k be -2*((-23)/(-2) - -3). Let u = 33 + k. Suppose 0 = u*z + z - 20. Calculate the highest common divisor of 4 and z.
4
Let l = 22593 - 22567. Calculate the highest common factor of l and 18577.
13
Suppose -204 = -49*q - 2*q. Let i(j) = j**2 + 24*j - 80. Let d be i(q). What is the greatest common divisor of d and 88?
8
Suppose -192 = -o - q - 0*q, -o = -q - 192. Let s = o - 187. What is the greatest common factor of 1 and s?
1
Let y = 26 - 7. Suppose -18*u - 124 = -y*u. Suppose u - 91 = x. What is the highest common factor of x and 264?
33
Let d = 56 + 7144. Calculate the greatest common factor of 50 and d.
50
Suppose 3*h - 149 - 196 = 0. Suppose 0 = -2*d + 4, 5*w + 0*w + 5*d + h = 0. Let m = 31 + w. Calculate the greatest common factor of m and 12.
6
Let l be (9/6)/(6/532). Suppose -276 = -2*k - 5*o, -k + 2*k + 5*o = l. Suppose 4244*q = 4251*q - 182. What is the greatest common divisor of q and k?
13
Suppose 15*m - 9935 = -395. Calculate the highest common divisor of 12 and m.
12
Let x be (-231)/14*(-58)/3. Suppose 17*z = 2*t + 21*z - 50, 4*t - z - 118 = 0. What is the highest common divisor of x and t?
29
Let d be 1 + 6/(-3) + (2 - -1). Suppose 3*b + d*i = 6, 2 - 10 = -4*b + 4*i. Suppose -58 = -b*z - 16. Calculate the greatest common factor of 231 and z.
21
Let b = 53 + 168. Suppose -d = -5*y - 10 + b, 0 = -5*d + 20. Suppose 4*q - 107 = 65. What is the highest common divisor of y and q?
43
Let b(q) = q**3 + 31*q**2 + 85*q + 28. Let p be b(-28). Suppose p = -27*c - 18*c + 1125. Calculate the greatest common factor of 875 and c.
25
Let z be 9/12 + 26/8. Suppose 44 = z*y - 20. Calculate the highest common factor of 56 and y.
8
Suppose -40*r = -45*r - 10. Let u be (-6)/r - ((-48)/(-4))/4. Suppose u = 5*o - 632 - 103. What is the highest common factor of o and 49?
49
Suppose -5*m - 9 = -10*f + 8*f, -2*m = -5*f - 9. Let v be f/(-9) - (2 + 58/(-6)). Let l be 2641/76 - (-2)/v. What is the highest common factor of l and 5?
5
Let o be (-30)/(-50) - ((-2382)/5)/1. Let u = o - 462. What is the highest common divisor of u and 10?
5
Suppose 4*d + 25*l = 21*l + 288, 2*l = -d + 66. Let k(i) = 39*i**2. Let m be k(-4). Calculate the greatest common factor of m and d.
78
Suppose -1254*t + 2359*t - 162404 - 228976 = -1267*t. Let d = 75 - 45. Calculate the greatest common divisor of d and t.
15
Let v(o) = -15*o - 167. Let f be v(-22). Suppose 5*t + i = -i + 279, -i = -3*t + f. What is the highest common divisor of 15 and t?
5
Suppose 0 = 353*l - 350*l - 1443. Calculate the greatest common divisor of 148 and l.
37
Suppose 358 = 20*m - 242. Suppose -35*r + 105 = -m*r. What is the greatest common divisor of 21 and r?
21
Let r = 294 - -186. Suppose 18*y - 204 = r. Calculate the greatest common divisor of y and 209.
19
Let t(b) = 13*b - 43. Let r be t(16). Calculate the highest common factor of 33 and r.
33
Suppose 0 = 16*p + 3*p - 1672. Let f be 2/12*-15*p/(-5). What is the greatest common factor of f and 77?
11
Let c(n) = -n**3 + 5*n**2 + 8*n + 51. Let l be c(7). Suppose 6*a = l*a - 153. What is the highest common factor of a and 3?
3
Suppose 0 = -n + 7*n - 54. Suppose 0 = -3*o - n*p + 11*p + 731, -2*p + 484 = 2*o. Let m = 9 + 0. Calculate the highest common factor of o and m.
9
Suppose 41*f - 39*f - 19774 = -3*b, -2*f + 32958 = 5*b. Calculate the highest common factor of b and 64.
64
Let r(w) = w**3 - 9*w**2 + 2*w - 21. Let d be r(9). Let v = d - -4. Let p be (27/(-12) + v)/((-1)/52). Calculate the greatest common factor of 26 and p.
13
Let v = -185 + 202. Suppose -v*p + 1035 = 321. What is the highest common factor of 18 and p?
6
Let s be -5 + (5 - 5) - (-4 + -54). Let y be (1 - (-7 + 0))/((-18)/(-477)). Let d be ((-15)/(-30))/(2/y). Calculate the greatest common divisor of s and d.
53
Suppose 15*m - 9*m = 18. Suppose 2*l + 4*a - 2 = 0, a - m*a = -5*l + 5. Let c be 21 + l + (-3 - -2). Calculate the highest common divisor of 147 and c.
21
Let n = 19801 + -19143. What is the highest common factor of n and 611?
47
Suppose 87*m = 86*m - 538. Let l = m - -608. What is the highest common factor of l and 30?
10
Let o = -5019 - -5109. Calculate the highest common divisor of o and 1395.
45
Let d be -11 - (-785)/60 - (-2 + 50/24). Suppose -2*z - g + 19 = -20, z - 22 = 2*g. Let w be z/(-15)*(-15)/d. What is the highest common factor of 2 and w?
2
Let b be 14/21 + 12/9 + 18 + 810. What i